{"id":116,"date":"2023-12-28T14:30:42","date_gmt":"2023-12-28T14:30:42","guid":{"rendered":"https:\/\/wp.samariterverein-buempliz.ch\/?page_id=116"},"modified":"2024-02-27T16:47:24","modified_gmt":"2024-02-27T16:47:24","slug":"disclaimer-datenschutz","status":"publish","type":"page","link":"https:\/\/samariterverein-buempliz.ch\/index.php\/disclaimer-datenschutz\/","title":{"rendered":"IMPRESSUM \/ DATENSCHUTZ \/ AGB"},"content":{"rendered":"\n<h2 class=\"wp-block-heading\">IMPRESSUM<\/h2>\n\n\n\n<p>Diese Seite wurde durch den Samariterverein B\u00fcmpliz erstellt.<br>Die Seite wurde mit WordPress erstellt.<\/p>\n\n\n\n<h2 class=\"wp-block-heading\">Allgemeine Gesch\u00e4ftsbedingungen des Samaritervereins B\u00fcmpliz<\/h2>\n\n\n\n<p>Folgend finden Sie unsere AGB&#8217;s <\/p>\n\n\n\n<p><a href=\"https:\/\/samariterverein-buempliz.ch\/wp-content\/uploads\/AGB-SanDie-ab-01.01.24.pdf\" target=\"_blank\" rel=\"noreferrer noopener\">AGB Sanit\u00e4ts Dienst<\/a><\/p>\n\n\n\n<p><a href=\"https:\/\/samariterverein-buempliz.ch\/wp-content\/uploads\/AGB-Firmenkurse-ab-01.01.2024.pdf\" target=\"_blank\" rel=\"noreferrer noopener\">AGB Firmenkurse<\/a><\/p>\n\n\n\n<p><a href=\"https:\/\/samariterverein-buempliz.ch\/wp-content\/uploads\/AGB-Kurse-ab-01.01.24.pdf\" target=\"_blank\" rel=\"noreferrer noopener\">AGB Kurse<\/a><\/p>\n\n\n\n<h2 class=\"wp-block-heading\">Allgemeine Hinweise zum Datenschutz<\/h2>\n\n\n\n<p>Dem Samariterverein B\u00fcmpliz ist es ein Anliegen, dass Sie informiert sind, wie wir Ihre pers\u00f6nlichen Daten und Angaben nutzen und behandeln. Wir halten uns an die Bestimmungen der schweizerischen Datenschutzgesetzgebung und behandeln Ihre Kundendaten vertraulich.<\/p>\n\n\n\n<p>Grunds\u00e4tzlich richten wir uns nach den aktuellen Datenschutzrichtlinien der Samariter Schweiz <a href=\"https:\/\/www.samariter.ch\/de\/datenschutz\">(https:\/\/www.samariter.ch\/de\/datenschutz)<\/a><\/p>\n\n\n\n<p>Im Zusammenhang mit Ihrer Nutzung der Website\u00a0des Samaritervereines B\u00fcmpliz, werden gewisse Daten durch Webanalysedienste ausgewertet, sie werden jedoch nicht mit pers\u00f6nlichen Daten verkn\u00fcpft. Es findet somit keine direkte Identifikation Ihrer Nutzung unserer Website statt. Als Nutzer unseres Internetangebots informieren wir Sie nachfolgend dar\u00fcber, welche Daten gespeichert und wie diese Daten verwendet werden.<\/p>\n\n\n\n<p><a href=\"https:\/\/samariterverein-buempliz.ch\/wp-content\/uploads\/Datenschutzerklaerung-Reglement-SV-Buempliz.pdf\">Datensch<\/a><a href=\"https:\/\/samariterverein-buempliz.ch\/wp-content\/uploads\/Datenschutzerklaerung-Reglement-SV-Buempliz.pdf\" target=\"_blank\" rel=\"noreferrer noopener\">utzerkl\u00e4rung<\/a><a href=\"https:\/\/samariterverein-buempliz.ch\/wp-content\/uploads\/Datenschutzerklaerung-Reglement-SV-Buempliz.pdf\"> &#8211; Reglement SV B\u00fcmpliz<\/a><\/p>\n\n\n\n<h2 class=\"wp-block-heading\">Cookies<\/h2>\n\n\n\n<p>Diese Website verwendet Cookies zur pseudonymisierten Reichweitenmessung, die entweder von unserem Server oder dem Server Dritter an den Browser des Nutzers \u00fcbertragen werden. Bei Cookies handelt es sich um kleine Dateien, welche auf Ihrem Endger\u00e4t gespeichert werden. Ihr Browser greift auf diese Dateien zu. Durch den Einsatz von Cookies erh\u00f6ht sich die Benutzerfreundlichkeit und Sicherheit dieser Website.<\/p>\n\n\n\n<p>Sie haben die M\u00f6glichkeit, die Speicherung der Cookies auf Ihrem Ger\u00e4t zu verhindern, indem Sie in Ihrem Browser entsprechende Einstellungen vornehmen. Es ist nicht gew\u00e4hrleistet, dass Sie auf alle Funktionen dieser Website ohne Einschr\u00e4nkungen zugreifen k\u00f6nnen, wenn Ihr Browser keine Cookies zul\u00e4sst.<\/p>\n\n\n\n<h2 class=\"wp-block-heading\">Google Analytics<\/h2>\n\n\n\n<p>Diese Website nutzt zur Optimierung und Analyse unseres Online-Angebots den Dienst \u00abGoogle Analytics\u00bb, welcher von der Google Inc. (1600 Amphitheatre Parkway Mountain View, CA 94043, USA) angeboten wird. Der Dienst (Google Analytics) verwendet \u00abCookies\u00bb \u2013 Textdateien, welche auf Ihrem Endger\u00e4t gespeichert werden. Die durch die Cookies gesammelten Informationen werden im Regelfall an einen Google-Server in den USA gesandt und dort gespeichert.<\/p>\n\n\n\n<p>Auf dieser Website greift die IP-Anonymisierung. Die IP-Adresse der Nutzer wird innerhalb der Mitgliedsstaaten der EU und des Europ\u00e4ischen Wirtschaftsraum und in den anderen Vertragsstaaten des Abkommens gek\u00fcrzt. Nur in Einzelf\u00e4llen wird die IP-Adresse zun\u00e4chst ungek\u00fcrzt in die USA an einen Server von Google \u00fcbertragen und dort gek\u00fcrzt. Durch diese K\u00fcrzung entf\u00e4llt der Personenbezug Ihrer IP-Adresse. Die vom Browser \u00fcbermittelte IP-Adresse des Nutzers wird nicht mit anderen von Google gespeicherten Daten kombiniert.<\/p>\n\n\n\n<p>Im Rahmen der Vereinbarung zur Auftragsdatenvereinbarung, welche wir als Websitebetreiber mit der Google Inc. geschlossen haben, erstellt diese mithilfe der gesammelten Informationen eine Auswertung der Websitenutzung und der Websiteaktivit\u00e4t und erbringt mit der Internetnutzung verbundene Dienstleistungen.<\/p>\n\n\n\n<p>Die von Google in unserem Auftrag erhobenen Daten werden genutzt, um die Nutzung unseres Online-Angebots durch die einzelnen Nutzer auswerten zu k\u00f6nnen, z. B. um Reports \u00fcber die Aktivit\u00e4t auf der Website zu erstellen, um unser Online-Angebot zu verbessern.<\/p>\n\n\n\n<p>Sie k\u00f6nnen durch ein Browser-Plugin verhindern, dass die durch Cookies gesammelten Informationen (inklusive Ihrer IP-Adresse) an die Google Inc. gesendet und von der Google Inc. genutzt werden. Folgender Link f\u00fchrt Sie zu dem entsprechenden Plugin:&nbsp;<a href=\"https:\/\/tools.google.com\/dlpage\/gaoptout?hl=de\" target=\"_blank\" rel=\"noreferrer noopener\">https:\/\/tools.google.com\/dlpage\/gaoptout?hl=de<\/a><\/p>\n\n\n\n<h2 class=\"wp-block-heading\">Daten via Kontaktformular<\/h2>\n\n\n\n<p>Wenn Sie uns per Kontaktformular Anfragen zukommen lassen, werden Ihre Angaben aus dem Anfrageformular inklusive der von Ihnen dort angegebenen Kontaktdaten zwecks Bearbeitung der Anfrage und f\u00fcr den Fall von Anschlussfragen bei uns gespeichert. Die Verarbeitung der in das Kontaktformular eingegebenen Daten erfolgt somit auf Grundlage Ihrer Einwilligung (f\u00fcr Daten in der EU Art. 6 Abs. 1 lit. a DSGVO\/Art. 13 DSG). Ohne Ihre ausdr\u00fcckliche Einwilligung geben wir sie nicht an Dritte weiter. Die von Ihnen im Kontaktformular eingegebenen Daten verbleiben bei uns, bis Sie uns zur L\u00f6schung auffordern, Ihre Einwilligung zur Speicherung widerrufen oder der Zweck f\u00fcr die Datenspeicherung entf\u00e4llt (z.B. nach abgeschlossener Bearbeitung Ihrer Anfrage). Zwingende gesetzliche Bestimmungen \u2013insbesondere Aufbewahrungsfristen \u2013m\u00fcssen aber auch von uns eingehalten werden.<\/p>\n","protected":false},"excerpt":{"rendered":"<p>IMPRESSUM Diese Seite wurde durch den Samariterverein B\u00fcmpliz erstellt.Die Seite wurde mit WordPress erstellt. Allgemeine Gesch\u00e4ftsbedingungen des Samaritervereins B\u00fcmpliz Folgend finden Sie unsere AGB&#8217;s AGB Sanit\u00e4ts Dienst AGB Firmenkurse AGB Kurse Allgemeine Hinweise zum Datenschutz Dem Samariterverein B\u00fcmpliz ist es ein Anliegen, dass Sie informiert sind, wie wir Ihre pers\u00f6nlichen Daten und Angaben nutzen und behandeln. Wir halten uns an die Bestimmungen der schweizerischen Datenschutzgesetzgebung und behandeln Ihre Kundendaten vertraulich. Grunds\u00e4tzlich richten wir uns nach den aktuellen Datenschutzrichtlinien der Samariter Schweiz (https:\/\/www.samariter.ch\/de\/datenschutz) Im Zusammenhang mit Ihrer Nutzung der Website\u00a0des Samaritervereines B\u00fcmpliz, werden gewisse Daten durch Webanalysedienste ausgewertet, sie werden jedoch nicht mit pers\u00f6nlichen Daten verkn\u00fcpft. Es findet somit keine direkte Identifikation Ihrer Nutzung unserer Website statt. Als Nutzer unseres Internetangebots informieren wir Sie nachfolgend dar\u00fcber, welche Daten gespeichert und wie diese Daten verwendet werden. Datenschutzerkl\u00e4rung &#8211; Reglement SV B\u00fcmpliz Cookies Diese Website verwendet Cookies zur pseudonymisierten Reichweitenmessung, die entweder von unserem Server oder dem Server Dritter an den Browser des Nutzers \u00fcbertragen werden. Bei Cookies handelt es sich um kleine Dateien, welche auf Ihrem Endger\u00e4t gespeichert werden. Ihr Browser greift auf diese Dateien zu. Durch den Einsatz von Cookies erh\u00f6ht sich die Benutzerfreundlichkeit und Sicherheit dieser Website. Sie haben die M\u00f6glichkeit, die Speicherung der Cookies auf Ihrem Ger\u00e4t zu verhindern, indem Sie in Ihrem Browser entsprechende Einstellungen vornehmen. Es ist nicht gew\u00e4hrleistet, dass Sie auf alle Funktionen dieser Website ohne Einschr\u00e4nkungen zugreifen k\u00f6nnen, wenn Ihr Browser keine Cookies zul\u00e4sst. Google Analytics Diese Website nutzt zur Optimierung und Analyse unseres Online-Angebots den Dienst \u00abGoogle Analytics\u00bb, welcher von der Google Inc. (1600 Amphitheatre Parkway Mountain View, CA 94043, USA) angeboten wird. Der Dienst (Google Analytics) verwendet \u00abCookies\u00bb \u2013 Textdateien, welche auf Ihrem Endger\u00e4t gespeichert werden. Die durch die Cookies gesammelten Informationen werden im Regelfall an einen Google-Server in den USA gesandt und dort gespeichert. Auf dieser Website greift die IP-Anonymisierung. Die IP-Adresse der Nutzer wird innerhalb der Mitgliedsstaaten der EU und des Europ\u00e4ischen Wirtschaftsraum und in den anderen Vertragsstaaten des Abkommens gek\u00fcrzt. Nur in Einzelf\u00e4llen wird die IP-Adresse zun\u00e4chst ungek\u00fcrzt in die USA an einen Server von Google \u00fcbertragen und dort gek\u00fcrzt. Durch diese K\u00fcrzung entf\u00e4llt der Personenbezug Ihrer IP-Adresse. Die vom Browser \u00fcbermittelte IP-Adresse des Nutzers wird nicht mit anderen von Google gespeicherten Daten kombiniert. Im Rahmen der Vereinbarung zur Auftragsdatenvereinbarung, welche wir als Websitebetreiber mit der Google Inc. geschlossen haben, erstellt diese mithilfe der gesammelten Informationen eine Auswertung der Websitenutzung und der Websiteaktivit\u00e4t und erbringt mit der Internetnutzung verbundene Dienstleistungen. Die von Google in unserem Auftrag erhobenen Daten werden genutzt, um die Nutzung unseres Online-Angebots durch die einzelnen Nutzer auswerten zu k\u00f6nnen, z. B. um Reports \u00fcber die Aktivit\u00e4t auf der Website zu erstellen, um unser Online-Angebot zu verbessern. Sie k\u00f6nnen durch ein Browser-Plugin verhindern, dass die durch Cookies gesammelten Informationen (inklusive Ihrer IP-Adresse) an die Google Inc. gesendet und von der Google Inc. genutzt werden. Folgender Link f\u00fchrt Sie zu dem entsprechenden Plugin:&nbsp;https:\/\/tools.google.com\/dlpage\/gaoptout?hl=de Daten via Kontaktformular Wenn Sie uns per Kontaktformular Anfragen zukommen lassen, werden Ihre Angaben aus dem Anfrageformular inklusive der von Ihnen dort angegebenen Kontaktdaten zwecks Bearbeitung der Anfrage und f\u00fcr den Fall von Anschlussfragen bei uns gespeichert. Die Verarbeitung der in das Kontaktformular eingegebenen Daten erfolgt somit auf Grundlage Ihrer Einwilligung (f\u00fcr Daten in der EU Art. 6 Abs. 1 lit. a DSGVO\/Art. 13 DSG). Ohne Ihre ausdr\u00fcckliche Einwilligung geben wir sie nicht an Dritte weiter. Die von Ihnen im Kontaktformular eingegebenen Daten verbleiben bei uns, bis Sie uns zur L\u00f6schung auffordern, Ihre Einwilligung zur Speicherung widerrufen oder der Zweck f\u00fcr die Datenspeicherung entf\u00e4llt (z.B. nach abgeschlossener Bearbeitung Ihrer Anfrage). Zwingende gesetzliche Bestimmungen \u2013insbesondere Aufbewahrungsfristen \u2013m\u00fcssen aber auch von uns eingehalten werden.<\/p>\n","protected":false},"author":3,"featured_media":0,"parent":0,"menu_order":0,"comment_status":"closed","ping_status":"closed","template":"","meta":{"footnotes":""},"class_list":["post-116","page","type-page","status-publish","hentry"],"_links":{"self":[{"href":"https:\/\/samariterverein-buempliz.ch\/index.php\/wp-json\/wp\/v2\/pages\/116","targetHints":{"allow":["GET"]}}],"collection":[{"href":"https:\/\/samariterverein-buempliz.ch\/index.php\/wp-json\/wp\/v2\/pages"}],"about":[{"href":"https:\/\/samariterverein-buempliz.ch\/index.php\/wp-json\/wp\/v2\/types\/page"}],"author":[{"embeddable":true,"href":"https:\/\/samariterverein-buempliz.ch\/index.php\/wp-json\/wp\/v2\/users\/3"}],"replies":[{"embeddable":true,"href":"https:\/\/samariterverein-buempliz.ch\/index.php\/wp-json\/wp\/v2\/comments?post=116"}],"version-history":[{"count":15,"href":"https:\/\/samariterverein-buempliz.ch\/index.php\/wp-json\/wp\/v2\/pages\/116\/revisions"}],"predecessor-version":[{"id":255,"href":"https:\/\/samariterverein-buempliz.ch\/index.php\/wp-json\/wp\/v2\/pages\/116\/revisions\/255"}],"wp:attachment":[{"href":"https:\/\/samariterverein-buempliz.ch\/index.php\/wp-json\/wp\/v2\/media?parent=116"}],"curies":[{"name":"wp","href":"https:\/\/api.w.org\/{rel}","templated":true}]}}